{"id":8173,"date":"2022-08-08T16:54:36","date_gmt":"2022-08-08T16:54:36","guid":{"rendered":"https:\/\/alst.org\/la-fondation\/"},"modified":"2026-01-14T18:15:19","modified_gmt":"2026-01-14T18:15:19","slug":"la-fondation","status":"publish","type":"page","link":"https:\/\/alst.org\/fr\/la-fondation\/","title":{"rendered":"La fondation"},"content":{"rendered":"\t\t<div data-elementor-type=\"wp-page\" data-elementor-id=\"8173\" class=\"elementor elementor-8173 elementor-7930\" data-elementor-post-type=\"page\">\n\t\t\t\t\t\t<section class=\"elementor-section elementor-top-section elementor-element elementor-element-77fb24cf elementor-section-boxed elementor-section-height-default elementor-section-height-default\" data-id=\"77fb24cf\" data-element_type=\"section\" data-e-type=\"section\" data-settings=\"{&quot;jet_parallax_layout_list&quot;:[]}\">\n\t\t\t\t\t\t<div class=\"elementor-container elementor-column-gap-default\">\n\t\t\t\t\t<div class=\"elementor-column elementor-col-100 elementor-top-column elementor-element elementor-element-5f389939\" data-id=\"5f389939\" data-element_type=\"column\" data-e-type=\"column\">\n\t\t\t<div class=\"elementor-widget-wrap elementor-element-populated\">\n\t\t\t\t\t\t<div class=\"elementor-element elementor-element-59ef2a7c elementor-widget elementor-widget-heading\" data-id=\"59ef2a7c\" data-element_type=\"widget\" data-e-type=\"widget\" data-widget_type=\"heading.default\">\n\t\t\t\t\t<h1 class=\"elementor-heading-title elementor-size-default\">La fondation<\/h1>\t\t\t\t<\/div>\n\t\t\t\t\t<\/div>\n\t\t<\/div>\n\t\t\t\t\t<\/div>\n\t\t<\/section>\n\t\t\t\t<section class=\"elementor-section elementor-top-section elementor-element elementor-element-5dc5f21e elementor-section-boxed elementor-section-height-default elementor-section-height-default\" data-id=\"5dc5f21e\" data-element_type=\"section\" data-e-type=\"section\" data-settings=\"{&quot;jet_parallax_layout_list&quot;:[]}\">\n\t\t\t\t\t\t<div class=\"elementor-container elementor-column-gap-no\">\n\t\t\t\t\t<div class=\"elementor-column elementor-col-100 elementor-top-column elementor-element elementor-element-6c1fecc6\" data-id=\"6c1fecc6\" data-element_type=\"column\" data-e-type=\"column\">\n\t\t\t<div class=\"elementor-widget-wrap elementor-element-populated\">\n\t\t\t\t\t\t<div class=\"elementor-element elementor-element-67995eb0 elementor-widget elementor-widget-spacer\" data-id=\"67995eb0\" data-element_type=\"widget\" data-e-type=\"widget\" data-widget_type=\"spacer.default\">\n\t\t\t\t\t\t\t<div class=\"elementor-spacer\">\n\t\t\t<div class=\"elementor-spacer-inner\"><\/div>\n\t\t<\/div>\n\t\t\t\t\t\t<\/div>\n\t\t\t\t\t<\/div>\n\t\t<\/div>\n\t\t\t\t\t<\/div>\n\t\t<\/section>\n\t\t\t\t<section class=\"elementor-section elementor-top-section elementor-element elementor-element-2a8dcb40 elementor-section-boxed elementor-section-height-default elementor-section-height-default\" data-id=\"2a8dcb40\" data-element_type=\"section\" data-e-type=\"section\" data-settings=\"{&quot;jet_parallax_layout_list&quot;:[]}\">\n\t\t\t\t\t\t<div class=\"elementor-container elementor-column-gap-default\">\n\t\t\t\t\t<div class=\"elementor-column elementor-col-100 elementor-top-column elementor-element elementor-element-4c0b891c\" data-id=\"4c0b891c\" data-element_type=\"column\" data-e-type=\"column\">\n\t\t\t<div class=\"elementor-widget-wrap elementor-element-populated\">\n\t\t\t\t\t\t<div class=\"elementor-element elementor-element-1d61042b elementor-widget elementor-widget-text-editor\" data-id=\"1d61042b\" data-element_type=\"widget\" data-e-type=\"widget\" data-widget_type=\"text-editor.default\">\n\t\t\t\t\t\t\t\t\t<p>La fondation Arnold-Liebster a \u00e9t\u00e9 cr\u00e9\u00e9e en 2002 par Max Liebster et Simone Arnold-Liebster, deux survivants de la pers\u00e9cution nazie, afin de permettre aux g\u00e9n\u00e9rations futures de tirer les le\u00e7ons de l&rsquo;histoire. En tant qu&rsquo;organisation apolitique et \u00e0 but non lucratif, la fondation s&rsquo;efforce de perp\u00e9tuer le souvenir des victimes de dictatures et de pers\u00e9cutions religieuses. Afin de promouvoir la paix, la tol\u00e9rance ainsi que le respect des droits de l&rsquo;homme, en particulier la libert\u00e9 religieuse, la fondation soutient des projets d&rsquo;analyse de l&rsquo;histoire et des programmes \u00e9ducatifs.<\/p><h3>BUT<\/h3><p>La Fondation Arnold-Liebster s&rsquo;efforce de promouvoir, par des moyens pacifiques et apolitiques, la paix, la tol\u00e9rance et le respect des droits de l&rsquo;homme, en particulier la libert\u00e9 religieuse.<\/p><p>La fondation est active au niveau international et, sur la base de l&rsquo;exp\u00e9rience de ses fondateurs Max Liebster et Simone Arnold-Liebster pendant l&rsquo;Holocauste, elle soutient des projets d&rsquo;\u00e9ducation \u00e0 l&rsquo;histoire, des formations pour enseignants, des s\u00e9minaires, des d\u00e9bats, des publications, des expositions, des projections de films et des activit\u00e9s similaires visant \u00e0 aider les jeunes \u00e0 rejeter le racisme, le nationalisme x\u00e9nophobe et la violence et \u00e0 apprendre \u00e0 \u00e9couter la voix de leur conscience. La fondation Arnold-Liebster est port\u00e9e par l&rsquo;objectif de vie de ses fondateurs, \u00e0 savoir la promotion de la paix.<\/p><h3>CONSEIL D&rsquo;ADMINISTRATION<\/h3><ul><li>Uwe Klages (Pr\u00e9sident)<\/li><li>Andreas Paul (Vice-pr\u00e9sident)<\/li><li>Uwe Langhals<\/li><li>Kirsten Paul<\/li><li>Lena Bergmann<\/li><li>Mario Bergmann<\/li><\/ul>\t\t\t\t\t\t\t\t<\/div>\n\t\t\t\t\t<\/div>\n\t\t<\/div>\n\t\t\t\t\t<\/div>\n\t\t<\/section>\n\t\t\t\t<\/div>\n\t\t","protected":false},"excerpt":{"rendered":"<p>La fondation La fondation Arnold-Liebster a \u00e9t\u00e9 cr\u00e9\u00e9e en 2002 par Max Liebster et Simone Arnold-Liebster, deux survivants de la pers\u00e9cution nazie, afin de permettre aux g\u00e9n\u00e9rations futures de tirer les le\u00e7ons de l&rsquo;histoire. En tant qu&rsquo;organisation apolitique et \u00e0 but non lucratif, la fondation s&rsquo;efforce de perp\u00e9tuer le souvenir des victimes de dictatures et [&hellip;]<\/p>\n","protected":false},"author":1,"featured_media":11029,"parent":0,"menu_order":0,"comment_status":"closed","ping_status":"closed","template":"elementor_header_footer","meta":{"inline_featured_image":false,"footnotes":""},"class_list":["post-8173","page","type-page","status-publish","has-post-thumbnail","hentry"],"_links":{"self":[{"href":"https:\/\/alst.org\/fr\/wp-json\/wp\/v2\/pages\/8173","targetHints":{"allow":["GET"]}}],"collection":[{"href":"https:\/\/alst.org\/fr\/wp-json\/wp\/v2\/pages"}],"about":[{"href":"https:\/\/alst.org\/fr\/wp-json\/wp\/v2\/types\/page"}],"author":[{"embeddable":true,"href":"https:\/\/alst.org\/fr\/wp-json\/wp\/v2\/users\/1"}],"replies":[{"embeddable":true,"href":"https:\/\/alst.org\/fr\/wp-json\/wp\/v2\/comments?post=8173"}],"version-history":[{"count":10,"href":"https:\/\/alst.org\/fr\/wp-json\/wp\/v2\/pages\/8173\/revisions"}],"predecessor-version":[{"id":16168,"href":"https:\/\/alst.org\/fr\/wp-json\/wp\/v2\/pages\/8173\/revisions\/16168"}],"wp:featuredmedia":[{"embeddable":true,"href":"https:\/\/alst.org\/fr\/wp-json\/wp\/v2\/media\/11029"}],"wp:attachment":[{"href":"https:\/\/alst.org\/fr\/wp-json\/wp\/v2\/media?parent=8173"}],"curies":[{"name":"wp","href":"https:\/\/api.w.org\/{rel}","templated":true}]}}

<div data-elementor-type="wp-page" data-elementor-id="8173" class="elementor elementor-8173 elementor-7930" data-elementor-post-type="page">
						<section class="elementor-section elementor-top-section elementor-element elementor-element-77fb24cf elementor-section-boxed elementor-section-height-default elementor-section-height-default" data-id="77fb24cf" data-element_type="section" data-e-type="section" data-settings="{&quot;jet_parallax_layout_list&quot;:[]}">
						<div class="elementor-container elementor-column-gap-default">
					<div class="elementor-column elementor-col-100 elementor-top-column elementor-element elementor-element-5f389939" data-id="5f389939" data-element_type="column" data-e-type="column">
			<div class="elementor-widget-wrap elementor-element-populated">
						<div class="elementor-element elementor-element-59ef2a7c elementor-widget elementor-widget-heading" data-id="59ef2a7c" data-element_type="widget" data-e-type="widget" data-widget_type="heading.default">
					<h1 class="elementor-heading-title elementor-size-default">La fondation</h1>				</div>
					</div>
		</div>
					</div>
		</section>
				<section class="elementor-section elementor-top-section elementor-element elementor-element-5dc5f21e elementor-section-boxed elementor-section-height-default elementor-section-height-default" data-id="5dc5f21e" data-element_type="section" data-e-type="section" data-settings="{&quot;jet_parallax_layout_list&quot;:[]}">
						<div class="elementor-container elementor-column-gap-no">
					<div class="elementor-column elementor-col-100 elementor-top-column elementor-element elementor-element-6c1fecc6" data-id="6c1fecc6" data-element_type="column" data-e-type="column">
			<div class="elementor-widget-wrap elementor-element-populated">
						<div class="elementor-element elementor-element-67995eb0 elementor-widget elementor-widget-spacer" data-id="67995eb0" data-element_type="widget" data-e-type="widget" data-widget_type="spacer.default">
							<div class="elementor-spacer">
			<div class="elementor-spacer-inner"></div>
		</div>
						</div>
					</div>
		</div>
					</div>
		</section>
				<section class="elementor-section elementor-top-section elementor-element elementor-element-2a8dcb40 elementor-section-boxed elementor-section-height-default elementor-section-height-default" data-id="2a8dcb40" data-element_type="section" data-e-type="section" data-settings="{&quot;jet_parallax_layout_list&quot;:[]}">
						<div class="elementor-container elementor-column-gap-default">
					<div class="elementor-column elementor-col-100 elementor-top-column elementor-element elementor-element-4c0b891c" data-id="4c0b891c" data-element_type="column" data-e-type="column">
			<div class="elementor-widget-wrap elementor-element-populated">
						<div class="elementor-element elementor-element-1d61042b elementor-widget elementor-widget-text-editor" data-id="1d61042b" data-element_type="widget" data-e-type="widget" data-widget_type="text-editor.default">
									<p>La fondation Arnold-Liebster a été créée en 2002 par Max Liebster et Simone Arnold-Liebster, deux survivants de la persécution nazie, afin de permettre aux générations futures de tirer les leçons de l&rsquo;histoire. En tant qu&rsquo;organisation apolitique et à but non lucratif, la fondation s&rsquo;efforce de perpétuer le souvenir des victimes de dictatures et de persécutions religieuses. Afin de promouvoir la paix, la tolérance ainsi que le respect des droits de l&rsquo;homme, en particulier la liberté religieuse, la fondation soutient des projets d&rsquo;analyse de l&rsquo;histoire et des programmes éducatifs.</p><h3>BUT</h3><p>La Fondation Arnold-Liebster s&rsquo;efforce de promouvoir, par des moyens pacifiques et apolitiques, la paix, la tolérance et le respect des droits de l&rsquo;homme, en particulier la liberté religieuse.</p><p>La fondation est active au niveau international et, sur la base de l&rsquo;expérience de ses fondateurs Max Liebster et Simone Arnold-Liebster pendant l&rsquo;Holocauste, elle soutient des projets d&rsquo;éducation à l&rsquo;histoire, des formations pour enseignants, des séminaires, des débats, des publications, des expositions, des projections de films et des activités similaires visant à aider les jeunes à rejeter le racisme, le nationalisme xénophobe et la violence et à apprendre à écouter la voix de leur conscience. La fondation Arnold-Liebster est portée par l&rsquo;objectif de vie de ses fondateurs, à savoir la promotion de la paix.</p><h3>CONSEIL D&rsquo;ADMINISTRATION</h3><ul><li>Uwe Klages (Président)</li><li>Andreas Paul (Vice-président)</li><li>Uwe Langhals</li><li>Kirsten Paul</li><li>Lena Bergmann</li><li>Mario Bergmann</li></ul>								</div>
					</div>
		</div>
					</div>
		</section>
				</div>

<p>La fondation La fondation Arnold-Liebster a été créée en 2002 par Max Liebster et Simone Arnold-Liebster, deux survivants de la persécution nazie, afin de permettre aux générations futures de tirer les leçons de l&rsquo;histoire. En tant qu&rsquo;organisation apolitique et à but non lucratif, la fondation s&rsquo;efforce de perpétuer le souvenir des victimes de dictatures et [&hellip;]</p>
