{"id":8083,"date":"2022-08-03T08:28:23","date_gmt":"2022-08-03T08:28:23","guid":{"rendered":"https:\/\/alst.org\/pie-de-imprenta\/"},"modified":"2025-05-26T09:47:35","modified_gmt":"2025-05-26T09:47:35","slug":"pie-de-imprenta","status":"publish","type":"page","link":"https:\/\/alst.org\/es\/pie-de-imprenta\/","title":{"rendered":"Pie de imprenta"},"content":{"rendered":"\t\t<div data-elementor-type=\"wp-page\" data-elementor-id=\"8083\" class=\"elementor elementor-8083 elementor-7194\" data-elementor-post-type=\"page\">\n\t\t\t\t\t\t<section class=\"elementor-section elementor-top-section elementor-element elementor-element-50c216dc elementor-section-boxed elementor-section-height-default elementor-section-height-default\" data-id=\"50c216dc\" data-element_type=\"section\" data-e-type=\"section\" data-settings=\"{&quot;jet_parallax_layout_list&quot;:[]}\">\n\t\t\t\t\t\t<div class=\"elementor-container elementor-column-gap-default\">\n\t\t\t\t\t<div class=\"elementor-column elementor-col-100 elementor-top-column elementor-element elementor-element-10bc0816\" data-id=\"10bc0816\" data-element_type=\"column\" data-e-type=\"column\">\n\t\t\t<div class=\"elementor-widget-wrap elementor-element-populated\">\n\t\t\t\t\t\t<div class=\"elementor-element elementor-element-e528684 elementor-widget elementor-widget-heading\" data-id=\"e528684\" data-element_type=\"widget\" data-e-type=\"widget\" data-widget_type=\"heading.default\">\n\t\t\t\t\t<h1 class=\"elementor-heading-title elementor-size-xl\">Pie de imprenta<\/h1>\t\t\t\t<\/div>\n\t\t\t\t<div class=\"elementor-element elementor-element-b0e6a4d elementor-widget elementor-widget-text-editor\" data-id=\"b0e6a4d\" data-element_type=\"widget\" data-e-type=\"widget\" data-widget_type=\"text-editor.default\">\n\t\t\t\t\t\t\t\t\t<p>Fundaci\u00f3n con capacidad jur\u00eddica de derecho civil con domicilio social en Karben &#8211; aprobaci\u00f3n por el Consejo Regional de Darmstadt 30 de enero de 2002.<\/p><p><strong>Arnold-Liebster-Stiftung<\/strong><br>Hanauer Stra\u00dfe 24<br>D-61184 Karben<br>Alemania<br>Tel\u00e9fono: 0049 6039 9382277<br>Fax: 0049 6039 9382288<br>Correo electr\u00f3nico: <a href=\"mailto:alst@alst.org\">alst@alst.org<\/a> <\/p><p>Representaci\u00f3n del Consejo de Administraci\u00f3n:<\/p><ul><li>Uwe Klages (Presidente)<\/li><li>Andreas Paul (Vicepresidente)<\/li><li>Uwe Langhals<\/li><li>Kirsten Paul<\/li><li>Lena Bergmann<\/li><li>Mario Bergmann<\/li><\/ul><p>La Fundaci\u00f3n fue reconocida por \u00faltima vez como una entidad con fines ben\u00e9ficos y especialmente digna de fomento -promoci\u00f3n de la educaci\u00f3n popular- en una notificaci\u00f3n de exenci\u00f3n emitida por la oficina de impuestos de Gie\u00dfen el 24 de enero de 2020. Divulgaciones acc. \u00a7 5 TMG  <\/p><p>Autoridad de control Regierungspr\u00e4sidium Darmstadt.<\/p><p><strong>Responsabilidad<\/strong><\/p><p>Somos responsables de los contenidos de nuestras p\u00e1ginas de Internet de acuerdo con las leyes generales, en particular de acuerdo con el \u00a7 7 p\u00e1rrafo. 1 de la Ley de Telemedia, responsable. Todos los contenidos han sido creados con el debido cuidado y seg\u00fan nuestro leal saber y entender. En la medida en que en nuestra p\u00e1gina web hagamos referencia a p\u00e1ginas web de terceros mediante hiperv\u00ednculos, no podemos asumir ninguna responsabilidad por la continua actualidad, exactitud e integridad de los contenidos enlazados, ya que estos contenidos est\u00e1n fuera de nuestro \u00e1mbito de responsabilidad y no tenemos ninguna influencia en su futuro dise\u00f1o. Si, en su opini\u00f3n, alg\u00fan contenido infringe la legislaci\u00f3n aplicable o es inapropiado, le rogamos que nos lo comunique.    <\/p><p>La informaci\u00f3n legal de esta p\u00e1gina, as\u00ed como todas las cuestiones y disputas relacionadas con el dise\u00f1o de este sitio web, est\u00e1n sujetas al derecho de la Rep\u00fablica Federal de Alemania.<\/p><p><strong>Protecci\u00f3n de datos<\/strong><\/p><p>Puede encontrar nuestra informaci\u00f3n sobre protecci\u00f3n de datos <a href=\"https:\/\/alst.org\/es\/proteccion-de-datos\/\" target=\"_blank\" rel=\"noopener\">aqu\u00ed<\/a>.<\/p><p><strong>Aviso de derechos de autor<\/strong><\/p><p>Los textos, las im\u00e1genes, las fotos, los v\u00eddeos o los gr\u00e1ficos disponibles en nuestro sitio web est\u00e1n generalmente sujetos a la protecci\u00f3n de los derechos de autor. Por lo tanto, se proh\u00edbe cualquier uso no autorizado (en particular, la copia, edici\u00f3n o distribuci\u00f3n) de este contenido protegido por derechos de autor. Si tiene intenci\u00f3n de utilizar este contenido o parte de \u00e9l, p\u00f3ngase en contacto con nosotros de antemano utilizando los datos anteriores. En la medida en que no seamos nosotros mismos los titulares de los derechos de uso de los derechos de autor requeridos, nos esforzaremos por organizar el contacto con el titular de los derechos.   <\/p>\t\t\t\t\t\t\t\t<\/div>\n\t\t\t\t\t<\/div>\n\t\t<\/div>\n\t\t\t\t\t<\/div>\n\t\t<\/section>\n\t\t\t\t<\/div>\n\t\t","protected":false},"excerpt":{"rendered":"<p>Pie de imprenta Fundaci\u00f3n con capacidad jur\u00eddica de derecho civil con domicilio social en Karben &#8211; aprobaci\u00f3n por el Consejo Regional de Darmstadt 30 de enero de 2002. Arnold-Liebster-StiftungHanauer Stra\u00dfe 24D-61184 KarbenAlemaniaTel\u00e9fono: 0049 6039 9382277Fax: 0049 6039 9382288Correo electr\u00f3nico: alst@alst.org Representaci\u00f3n del Consejo de Administraci\u00f3n: Uwe Klages (Presidente) Andreas Paul (Vicepresidente) Uwe Langhals Kirsten Paul [&hellip;]<\/p>\n","protected":false},"author":1,"featured_media":11029,"parent":0,"menu_order":0,"comment_status":"closed","ping_status":"closed","template":"elementor_header_footer","meta":{"inline_featured_image":false,"footnotes":""},"class_list":["post-8083","page","type-page","status-publish","has-post-thumbnail","hentry"],"_links":{"self":[{"href":"https:\/\/alst.org\/es\/wp-json\/wp\/v2\/pages\/8083","targetHints":{"allow":["GET"]}}],"collection":[{"href":"https:\/\/alst.org\/es\/wp-json\/wp\/v2\/pages"}],"about":[{"href":"https:\/\/alst.org\/es\/wp-json\/wp\/v2\/types\/page"}],"author":[{"embeddable":true,"href":"https:\/\/alst.org\/es\/wp-json\/wp\/v2\/users\/1"}],"replies":[{"embeddable":true,"href":"https:\/\/alst.org\/es\/wp-json\/wp\/v2\/comments?post=8083"}],"version-history":[{"count":12,"href":"https:\/\/alst.org\/es\/wp-json\/wp\/v2\/pages\/8083\/revisions"}],"predecessor-version":[{"id":15261,"href":"https:\/\/alst.org\/es\/wp-json\/wp\/v2\/pages\/8083\/revisions\/15261"}],"wp:featuredmedia":[{"embeddable":true,"href":"https:\/\/alst.org\/es\/wp-json\/wp\/v2\/media\/11029"}],"wp:attachment":[{"href":"https:\/\/alst.org\/es\/wp-json\/wp\/v2\/media?parent=8083"}],"curies":[{"name":"wp","href":"https:\/\/api.w.org\/{rel}","templated":true}]}}

<div data-elementor-type="wp-page" data-elementor-id="8083" class="elementor elementor-8083 elementor-7194" data-elementor-post-type="page">
						<section class="elementor-section elementor-top-section elementor-element elementor-element-50c216dc elementor-section-boxed elementor-section-height-default elementor-section-height-default" data-id="50c216dc" data-element_type="section" data-e-type="section" data-settings="{&quot;jet_parallax_layout_list&quot;:[]}">
						<div class="elementor-container elementor-column-gap-default">
					<div class="elementor-column elementor-col-100 elementor-top-column elementor-element elementor-element-10bc0816" data-id="10bc0816" data-element_type="column" data-e-type="column">
			<div class="elementor-widget-wrap elementor-element-populated">
						<div class="elementor-element elementor-element-e528684 elementor-widget elementor-widget-heading" data-id="e528684" data-element_type="widget" data-e-type="widget" data-widget_type="heading.default">
					<h1 class="elementor-heading-title elementor-size-xl">Pie de imprenta</h1>				</div>
				<div class="elementor-element elementor-element-b0e6a4d elementor-widget elementor-widget-text-editor" data-id="b0e6a4d" data-element_type="widget" data-e-type="widget" data-widget_type="text-editor.default">
									<p>Fundación con capacidad jurídica de derecho civil con domicilio social en Karben &#8211; aprobación por el Consejo Regional de Darmstadt 30 de enero de 2002.</p><p><strong>Arnold-Liebster-Stiftung</strong><br>Hanauer Straße 24<br>D-61184 Karben<br>Alemania<br>Teléfono: 0049 6039 9382277<br>Fax: 0049 6039 9382288<br>Correo electrónico: <a href="mailto:alst@alst.org">alst@alst.org</a> </p><p>Representación del Consejo de Administración:</p><ul><li>Uwe Klages (Presidente)</li><li>Andreas Paul (Vicepresidente)</li><li>Uwe Langhals</li><li>Kirsten Paul</li><li>Lena Bergmann</li><li>Mario Bergmann</li></ul><p>La Fundación fue reconocida por última vez como una entidad con fines benéficos y especialmente digna de fomento -promoción de la educación popular- en una notificación de exención emitida por la oficina de impuestos de Gießen el 24 de enero de 2020. Divulgaciones acc. § 5 TMG  </p><p>Autoridad de control Regierungspräsidium Darmstadt.</p><p><strong>Responsabilidad</strong></p><p>Somos responsables de los contenidos de nuestras páginas de Internet de acuerdo con las leyes generales, en particular de acuerdo con el § 7 párrafo. 1 de la Ley de Telemedia, responsable. Todos los contenidos han sido creados con el debido cuidado y según nuestro leal saber y entender. En la medida en que en nuestra página web hagamos referencia a páginas web de terceros mediante hipervínculos, no podemos asumir ninguna responsabilidad por la continua actualidad, exactitud e integridad de los contenidos enlazados, ya que estos contenidos están fuera de nuestro ámbito de responsabilidad y no tenemos ninguna influencia en su futuro diseño. Si, en su opinión, algún contenido infringe la legislación aplicable o es inapropiado, le rogamos que nos lo comunique.    </p><p>La información legal de esta página, así como todas las cuestiones y disputas relacionadas con el diseño de este sitio web, están sujetas al derecho de la República Federal de Alemania.</p><p><strong>Protección de datos</strong></p><p>Puede encontrar nuestra información sobre protección de datos <a href="https://alst.org/es/proteccion-de-datos/" target="_blank" rel="noopener">aquí</a>.</p><p><strong>Aviso de derechos de autor</strong></p><p>Los textos, las imágenes, las fotos, los vídeos o los gráficos disponibles en nuestro sitio web están generalmente sujetos a la protección de los derechos de autor. Por lo tanto, se prohíbe cualquier uso no autorizado (en particular, la copia, edición o distribución) de este contenido protegido por derechos de autor. Si tiene intención de utilizar este contenido o parte de él, póngase en contacto con nosotros de antemano utilizando los datos anteriores. En la medida en que no seamos nosotros mismos los titulares de los derechos de uso de los derechos de autor requeridos, nos esforzaremos por organizar el contacto con el titular de los derechos.   </p>								</div>
					</div>
		</div>
					</div>
		</section>
				</div>

<p>Pie de imprenta Fundación con capacidad jurídica de derecho civil con domicilio social en Karben &#8211; aprobación por el Consejo Regional de Darmstadt 30 de enero de 2002. Arnold-Liebster-StiftungHanauer Straße 24D-61184 KarbenAlemaniaTeléfono: 0049 6039 9382277Fax: 0049 6039 9382288Correo electrónico: alst@alst.org Representación del Consejo de Administración: Uwe Klages (Presidente) Andreas Paul (Vicepresidente) Uwe Langhals Kirsten Paul [&hellip;]</p>
